{"id":3170,"date":"2023-12-12T17:26:17","date_gmt":"2023-12-12T17:26:17","guid":{"rendered":"https:\/\/maximilianacc.com\/?page_id=3170"},"modified":"2024-11-11T12:56:09","modified_gmt":"2024-11-11T12:56:09","slug":"cotton-spirit","status":"publish","type":"page","link":"https:\/\/maximilianacc.com\/index.php\/cotton-spirit\/","title":{"rendered":"Cotton Spirit"},"content":{"rendered":"\n<figure class=\"wp-block-gallery alignfull has-nested-images columns-default is-cropped wp-block-gallery-1 is-layout-flex wp-block-gallery-is-layout-flex\">\n<figure class=\"wp-block-image size-large\"><img loading=\"lazy\" decoding=\"async\" width=\"1024\" height=\"683\" data-id=\"3281\" src=\"https:\/\/maximilianacc.com\/wp-content\/uploads\/2024\/05\/IMG_4377-bearb-1-1024x683.jpg\" alt=\"\" class=\"wp-image-3281\" srcset=\"https:\/\/maximilianacc.com\/wp-content\/uploads\/2024\/05\/IMG_4377-bearb-1-1024x683.jpg 1024w, https:\/\/maximilianacc.com\/wp-content\/uploads\/2024\/05\/IMG_4377-bearb-1-300x200.jpg 300w, https:\/\/maximilianacc.com\/wp-content\/uploads\/2024\/05\/IMG_4377-bearb-1-768x512.jpg 768w, https:\/\/maximilianacc.com\/wp-content\/uploads\/2024\/05\/IMG_4377-bearb-1-1536x1024.jpg 1536w, https:\/\/maximilianacc.com\/wp-content\/uploads\/2024\/05\/IMG_4377-bearb-1-2048x1365.jpg 2048w, https:\/\/maximilianacc.com\/wp-content\/uploads\/2024\/05\/IMG_4377-bearb-1-507x338.jpg 507w\" sizes=\"auto, (max-width: 1024px) 100vw, 1024px\" \/><\/figure>\n<figcaption class=\"blocks-gallery-caption wp-element-caption\">&#8220;W\u00c4HLE POSITIV ZU LEBEN, ALLES ANDERE IST SINNLOS&#8221; <br>MAXIMILIANA CC_VITA POSITIVA<\/figcaption><\/figure>\n\n\n\n<p><\/p>\n\n\n\n<div class=\"wp-block-columns alignfull is-layout-flex wp-container-core-columns-is-layout-9d6595d7 wp-block-columns-is-layout-flex\">\n<div class=\"wp-block-column is-layout-flow wp-block-column-is-layout-flow\" style=\"flex-basis:100%\">\n<div class=\"wp-block-group alignfull is-nowrap is-layout-flex wp-container-core-group-is-layout-ad2f72ca wp-block-group-is-layout-flex\">\n<figure class=\"wp-block-gallery has-nested-images columns-default is-cropped wp-block-gallery-2 is-layout-flex wp-block-gallery-is-layout-flex\">\n<figure class=\"wp-block-image size-large\"><img loading=\"lazy\" decoding=\"async\" width=\"1024\" height=\"683\" data-id=\"3287\" src=\"https:\/\/maximilianacc.com\/wp-content\/uploads\/2024\/05\/IMG_4415-bearb-1024x683.jpg\" alt=\"\" class=\"wp-image-3287\" srcset=\"https:\/\/maximilianacc.com\/wp-content\/uploads\/2024\/05\/IMG_4415-bearb-1024x683.jpg 1024w, https:\/\/maximilianacc.com\/wp-content\/uploads\/2024\/05\/IMG_4415-bearb-300x200.jpg 300w, https:\/\/maximilianacc.com\/wp-content\/uploads\/2024\/05\/IMG_4415-bearb-768x512.jpg 768w, https:\/\/maximilianacc.com\/wp-content\/uploads\/2024\/05\/IMG_4415-bearb-1536x1024.jpg 1536w, https:\/\/maximilianacc.com\/wp-content\/uploads\/2024\/05\/IMG_4415-bearb-2048x1365.jpg 2048w, https:\/\/maximilianacc.com\/wp-content\/uploads\/2024\/05\/IMG_4415-bearb-507x338.jpg 507w\" sizes=\"auto, (max-width: 1024px) 100vw, 1024px\" \/><\/figure>\n\n\n\n<figure class=\"wp-block-image size-large\"><img loading=\"lazy\" decoding=\"async\" width=\"1024\" height=\"683\" data-id=\"3286\" src=\"https:\/\/maximilianacc.com\/wp-content\/uploads\/2024\/05\/IMG_4382-back-b-pink-1-1024x683.jpg\" alt=\"\" class=\"wp-image-3286\" srcset=\"https:\/\/maximilianacc.com\/wp-content\/uploads\/2024\/05\/IMG_4382-back-b-pink-1-1024x683.jpg 1024w, https:\/\/maximilianacc.com\/wp-content\/uploads\/2024\/05\/IMG_4382-back-b-pink-1-300x200.jpg 300w, https:\/\/maximilianacc.com\/wp-content\/uploads\/2024\/05\/IMG_4382-back-b-pink-1-768x512.jpg 768w, https:\/\/maximilianacc.com\/wp-content\/uploads\/2024\/05\/IMG_4382-back-b-pink-1-1536x1024.jpg 1536w, https:\/\/maximilianacc.com\/wp-content\/uploads\/2024\/05\/IMG_4382-back-b-pink-1-2048x1365.jpg 2048w, https:\/\/maximilianacc.com\/wp-content\/uploads\/2024\/05\/IMG_4382-back-b-pink-1-507x338.jpg 507w\" sizes=\"auto, (max-width: 1024px) 100vw, 1024px\" \/><\/figure>\n<\/figure>\n\n\n\n<div class=\"wp-block-group\"><div class=\"wp-block-group__inner-container is-layout-constrained wp-block-group-is-layout-constrained\">\n<blockquote class=\"wp-block-quote is-layout-flow wp-block-quote-is-layout-flow\">\n<p>LIEBE IST EIN REINES GEF\u00dcHL, DAS NUR DAS BESTE F\u00dcR DEN ANDEREN WILL &#8211; EGOISMUS IST ES, DER T\u00d6TET<\/p>\n<\/blockquote>\n<\/div><\/div>\n\n\n\n<figure class=\"wp-block-gallery has-nested-images columns-default is-cropped wp-block-gallery-3 is-layout-flex wp-block-gallery-is-layout-flex\">\n<figure class=\"wp-block-image alignfull size-large\"><img loading=\"lazy\" decoding=\"async\" width=\"1024\" height=\"682\" data-id=\"3288\" src=\"https:\/\/maximilianacc.com\/wp-content\/uploads\/2024\/05\/IMG_4359-colore-brillante-b-pink-1-1024x682.jpg\" alt=\"\" class=\"wp-image-3288\" srcset=\"https:\/\/maximilianacc.com\/wp-content\/uploads\/2024\/05\/IMG_4359-colore-brillante-b-pink-1-1024x682.jpg 1024w, https:\/\/maximilianacc.com\/wp-content\/uploads\/2024\/05\/IMG_4359-colore-brillante-b-pink-1-300x200.jpg 300w, https:\/\/maximilianacc.com\/wp-content\/uploads\/2024\/05\/IMG_4359-colore-brillante-b-pink-1-768x511.jpg 768w, https:\/\/maximilianacc.com\/wp-content\/uploads\/2024\/05\/IMG_4359-colore-brillante-b-pink-1-1536x1023.jpg 1536w, https:\/\/maximilianacc.com\/wp-content\/uploads\/2024\/05\/IMG_4359-colore-brillante-b-pink-1-2048x1364.jpg 2048w, https:\/\/maximilianacc.com\/wp-content\/uploads\/2024\/05\/IMG_4359-colore-brillante-b-pink-1-507x338.jpg 507w\" sizes=\"auto, (max-width: 1024px) 100vw, 1024px\" \/><figcaption class=\"wp-element-caption\">Sehe und urteile mit Liebe, denke positiv!<br><br>Lass Dich nicht leiten, von Menschen die negativ denken.<br><br>LIEBE IST EIN REINES GEF\u00dcHL, DAS NUR DAS BESTE F\u00dcR DEN ANDEREN WILL &#8211; EGOISMUS IST ES, DER T\u00d6TET<\/figcaption><\/figure>\n<\/figure>\n<\/div>\n<\/div>\n<\/div>\n\n\n\n<div class=\"wp-block-columns is-layout-flex wp-container-core-columns-is-layout-9d6595d7 wp-block-columns-is-layout-flex\">\n<div class=\"wp-block-column is-layout-flow wp-block-column-is-layout-flow\"><\/div>\n<\/div>\n\n\n\n<p><\/p>\n","protected":false},"excerpt":{"rendered":"<p>LIEBE IST EIN REINES GEF\u00dcHL, DAS NUR DAS BESTE F\u00dcR DEN ANDEREN WILL &#8211; EGOISMUS IST ES, DER T\u00d6TET<\/p>\n","protected":false},"author":1,"featured_media":0,"parent":0,"menu_order":0,"comment_status":"closed","ping_status":"closed","template":"","meta":{"om_disable_all_campaigns":false,"_monsterinsights_skip_tracking":false,"_monsterinsights_sitenote_active":false,"_monsterinsights_sitenote_note":"","_monsterinsights_sitenote_category":0,"footnotes":""},"class_list":["post-3170","page","type-page","status-publish","hentry"],"_links":{"self":[{"href":"https:\/\/maximilianacc.com\/index.php\/wp-json\/wp\/v2\/pages\/3170","targetHints":{"allow":["GET"]}}],"collection":[{"href":"https:\/\/maximilianacc.com\/index.php\/wp-json\/wp\/v2\/pages"}],"about":[{"href":"https:\/\/maximilianacc.com\/index.php\/wp-json\/wp\/v2\/types\/page"}],"author":[{"embeddable":true,"href":"https:\/\/maximilianacc.com\/index.php\/wp-json\/wp\/v2\/users\/1"}],"replies":[{"embeddable":true,"href":"https:\/\/maximilianacc.com\/index.php\/wp-json\/wp\/v2\/comments?post=3170"}],"version-history":[{"count":13,"href":"https:\/\/maximilianacc.com\/index.php\/wp-json\/wp\/v2\/pages\/3170\/revisions"}],"predecessor-version":[{"id":3494,"href":"https:\/\/maximilianacc.com\/index.php\/wp-json\/wp\/v2\/pages\/3170\/revisions\/3494"}],"wp:attachment":[{"href":"https:\/\/maximilianacc.com\/index.php\/wp-json\/wp\/v2\/media?parent=3170"}],"curies":[{"name":"wp","href":"https:\/\/api.w.org\/{rel}","templated":true}]}}